number?
False
Is 14549587453 a composite number?
False
Is 6647453647 a composite number?
True
Is 1235422961 composite?
False
Is 267765469 a prime number?
True
Is 9690659527 a composite number?
True
Is 57833092909 a composite number?
True
Is 2692303493 prime?
False
Is 18880382743 a composite number?
False
Is 229617133 a composite number?
False
Is 36702637859 a composite number?
False
Is 5656910863 composite?
False
Is 9205534627 composite?
False
Is 6155596081 prime?
False
Is 534319237 composite?
False
Is 8111611367 prime?
True
Is 1719981293 composite?
False
Is 39035049217 composite?
True
Is 33677352094 a composite number?
True
Is 8762749361 prime?
True
Is 3897181111 a prime number?
False
Is 1607107409 a composite number?
False
Is 8107437563 a prime number?
True
Is 21676125901 composite?
True
Is 6834641558 prime?
False
Is 14931578323 a prime number?
True
Is 81368610899 prime?
False
Is 5061003253 composite?
False
Is 10058408281 a prime number?
True
Is 702479201 composite?
False
Is 24411563051 prime?
True
Is 752691157 a composite number?
True
Is 1116312307 composite?
True
Is 4615404283 prime?
False
Is 184216763 a composite number?
True
Is 400049977 a prime number?
True
Is 5361010069 a prime number?
True
Is 2251778381 composite?
True
Is 23616363767 composite?
False
Is 27736794077 composite?
False
Is 17634778979 a composite number?
True
Is 6467252021 a prime number?
True
Is 365737571 prime?
True
Is 43520713 a composite number?
False
Is 185942321 prime?
False
Is 28832620079 composite?
False
Is 129129679387 a prime number?
False
Is 57804713633 prime?
True
Is 1561822481 a prime number?
True
Is 44181914273 a composite number?
True
Is 10125000883 a prime number?
False
Is 7192103 a composite number?
False
Is 2468949019 composite?
False
Is 1057913279 prime?
True
Is 10300908283 prime?
True
Is 19962265993 a prime number?
True
Is 78362406163 composite?
True
Is 5809396259 composite?
False
Is 848111713 composite?
False
Is 3376931419 prime?
False
Is 161332433 a prime number?
False
Is 10884622771 a composite number?
True
Is 32380733789 composite?
True
Is 154566275417 a composite number?
True
Is 52826173 prime?
True
Is 1119459701 composite?
True
Is 662715211 composite?
True
Is 1576262081 composite?
False
Is 3322579961 prime?
False
Is 15839410583 a composite number?
True
Is 1958598857 prime?
True
Is 566316169 prime?
False
Is 26572018133 composite?
False
Is 17469581687 a composite number?
True
Is 189467897 a composite number?
True
Is 2516890177 a prime number?
True
Is 18682069317 composite?
True
Is 1818662743 composite?
False
Is 1059341483 a composite number?
False
Is 10838630437 a prime number?
True
Is 340366757 composite?
False
Is 35236114 a prime number?
False
Is 3690746603 prime?
True
Is 2276626003 a prime number?
False
Is 2608922171 prime?
False
Is 15890743823 a composite number?
False
Is 679699649 composite?
True
Is 168929106013 a composite number?
False
Is 2060799077 prime?
True
Is 11835857581 prime?
True
Is 3279587719 a prime number?
True
Is 610285859 a composite number?
False
Is 3826268935 prime?
False
Is 1598341 prime?
True
Is 42209251289 a composite number?
False
Is 4758699089 a composite number?
False
Is 2247253087 a prime number?
False
Is 8598708331 composite?
False
Is 182413589 a composite number?
True
Is 30769714439 prime?
False
Is 6147172523 prime?
False
Is 831469721 a composite number?
True
Is 55988094721 prime?
False
Is 1970959598 a composite number?
True
Is 82837143671 a prime number?
False
Is 168445736651 prime?
True
Is 796117607 a prime number?
False
Is 5015454194 composite?
True
Is 8841448409 prime?
False
Is 50242316951 a composite number?
False
Is 42032161 prime?
False
Is 19591512307 prime?
False
Is 1512990933 prime?
False
Is 21423744379 a composite number?
False
Is 141822063035 a prime number?
False
Is 5256107749 a prime number?
False
Is 9357829615 a composite number?
True
Is 8066600863 a composite number?
False
Is 727744801 prime?
False
Is 56137030463 a prime number?
False
Is 6212535893 prime?
True
Is 6046384153 composite?
False
Is 2485665733 composite?
False
Is 2732774327 prime?
False
Is 1486903469 prime?
True
Is 45386094821 a prime number?
True
Is 18997098409 a prime number?
False
Is 17931227411 a prime number?
False
Is 3957561833 a composite number?
True
Is 31021353581 a composite number?
True
Is 3467387213 a prime number?
False
Is 20839339193 a composite number?
True
Is 11570095627 a prime number?
True
Is 750377521 a composite number?
False
Is 4537058819 a composite number?
True
Is 6741666247 a composite number?
True
Is 1462076299 a prime number?
True
Is 6718238549 composite?
True
Is 908042365 prime?
False
Is 3014940017 a composite number?
False
Is 18980699797 composite?
False
Is 2216560231 composite?
False
Is 1336086977 prime?
True
Is 279726633794 a prime number?
False
Is 13531297757 a prime number?
True
Is 709644431 a prime number?
False
Is 92376994981 a composite number?
False
Is 2954615129 composite?
True
Is 16030633067 a composite number?
True
Is 21698497 a prime number?
True
Is 100092989 a composite number?
False
Is 3950086003 a composite number?
True
Is 5603761859 a prime number?
True
Is 16679241947 prime?
True
Is 1960226963 prime?
False
Is 5293320919 composite?
True
Is 3893925611 composite?
True
Is 63925952429 prime?
True
Is 1771385243 prime?
True
Is 30939906113 a composite number?
False
Is 45454821981 a composite number?
True
Is 68932832537 a prime number?
False
Is 204590021 a composite number?
False
Is 441812131 a composite number?
True
Is 68916919 composite?
False
Is 606105951007 a prime number?
True
Is 21934929329 prime?
True
Is 6638790401 a composite number?
False
Is 11293554557 prime?
False
Is 7029897319 prime?
True
Is 318982003 a composite number?
False
Is 643089509 a prime number?
True
Is 1289549869 a prime number?
True
Is 109536877201 prime?
False
Is 1831086247 composite?
False
Is 11058764461 a composite number?
False
Is 14718369143 prime?
True
Is 19760683231 composite?
True
Is 5081259 a composite number?
True
Is 9959179627 a prime number?
True
Is 24347530631 composite?
False
Is 1463712161 a composite number?
False
Is 17000839243 prime?
True
Is 310455373 a prime number?
False
Is 1426112159 prime?
False
Is 5227686037 a prime number?
False
Is 373499827 a composite number?
False
Is 5408175119 a prime number?
False
Is 3717899729 composite?
False
Is 45335696299 prime?
True
Is 209529438005 a prime number?
False
Is 23170835669 composite?
False
Is 300138407 prime?
False
Is 39627433 composite?
True
Is 3949649393 prime?
True
Is 70803540257 prime?
False
Is 4194116057 a prime number?
True
Is 16541866949 prime?
False
Is 33542878669 a composite number?
False
Is 343202473 a prime number?
True
Is 1933740397 a composite number?
False
Is 7712269553 a composite number?
False
Is 35338591049 a prime number?
True
Is 1163990381 composite?
True
Is 1524551351 a composite number?
False
Is 318729571 a prime number?
True
Is 1381516783 composite?
False
Is 32659040497 composite?
True
Is 311767867 a prime number?
True
Is 9101324677 composite?
True
Is 55758513 a prime number?
False
Is 22730249 composite?
False
Is 18070727401 composite?
False
Is 13537843201 composite?
True
Is 18475819 composite?
True
Is 268961249 prime?
False
Is 164769443 a prime number?
False
Is 6562690711 composite?
False
Is 10433099774 a composite number?
True
Is 4612776349 composite?
False
Is 3822739499 a composite number?
True
Is 16399373989 composite?
False
Is 246873917 a prime number?
True
Is 4147912919 composite?
True
Is 6085997459 a prime number?
False
Is 5231563661 composite?
False
Is 7512563543 prime?
True
Is 100641539 a prime number?
False
Is 1380189559 prime?
False
Is 11600373377 a composite number?
True
Is 606290753 composite?
False
Is 799390879 prime?
False
Is 16568785201 a composite number?
False
Is 7146313357 prime?
True
Is 216398969 a composite number?
False
Is 18264823501 a prime number?
True
Is 1025532983 a composite number?
True
Is 76231830791 prime?
True
Is 3931470383 a composite number?
True
Is 65040350527 composite?
False
Is 112460976781 prime?
True
Is 19079059165 prime?
False
Is 402851833 prime?
True
Is 746230609 a prime number?
False
Is 1928825731 prime?
False
Is 111701512283 composite?
False
Is 340928183 composite?
True
Is 2843993311 a prime number?
True
I